- (-1 + -8 + (-34 - -44))) + -10.
-2
-5 + 0 + (5 - (1 - -2)) - 9
-12
3 + 6 + (2 - 12) + -5 + -6
-12
What is the value of -6 - (8 - ((0 - 1) + 7))?
-8
Evaluate -2 + 1 + 5 + (-7 - -14 - -5).
16
What is the value of (-17 - -58 - (-12 - -12)) + -5?
36
Calculate -17 + 7 + -10 + 17 + -3.
-6
Evaluate -102 + 121 + (2 - (2 + 13)).
6
Calculate 6 + 4 - 22 - (-33 + 24).
-3
What is 2 - (5 + (-4 - -12) + -3 - -3)?
-11
Evaluate -5 + -10 + 12 + 1 + 13.
11
What is the value of (-33 - (7 - (-10 + 29))) + 6?
-15
Calculate (26 - 14) + 23 - 16 - 37.
-18
Calculate 14 + 2 - (10 - (17 - (17 - 12))).
18
6 + -1 + (-2 + 13 - 5)
11
What is the value of -2 - (-1 - 0) - (-22 - (34 - 62))?
-7
Evaluate -23 - -17 - 36 - -47.
5
Calculate 2 - -3 - (-18 + (-5 - -16)).
12
Evaluate (-31 + 43 - (3 - -4)) + (-1 - 15).
-11
What is 11 + -12 - (-2 - -1)?
0
Calculate -15 + (-1 + 2 - (-52 + 15)).
23
28 + (-1 + 5 - (19 + -8 + -5))
26
What is the value of -47 + 42 - (-1 - 10)?
6
Calculate -2 + (-5 - 0 - (-7 + (4 - 3))).
-1
What is -185 + 223 - (-2 - -35)?
5
(8 - (11 - 5 - -5)) + -3 + -1
-7
Evaluate 2 + (-8 - (-3 - 0 - -2 - 0)).
-5
8 - 5 - (129 - 138)
12
Evaluate 10 - (-12 + 15 - -4).
3
What is the value of (4 - -23) + -47 - -34?
14
(22 - (-1 - -64)) + 26
-15
Evaluate 7 - (0 - -8 - (-35 + 40)) - 2.
2
(-22 - -11) + (4 - -11)
4
(6 - 13) + (11 - -10)
14
What is -4 + -4 + (-17 + 32 - 1) + -9?
-3
Evaluate 2 - ((9 - 2) + 5 + 5).
-15
Evaluate 46 - 16 - 19 - 7.
4
Calculate (-2 - -9 - 11) + 2 + -2 + -2.
-6
What is 6 + (-22 - (-4 + 3) - 4)?
-19
Calculate -2 + -7 + 1 + (5 - 0).
-3
What is the value of 7 + -2 + -9 + 9 - -4?
9
Evaluate 9 + (2 - (-5 + 3)) + -13 + 5.
5
19 + 42 + -33 + 2
30
What is the value of -10 + (6 - (-5 - -12))?
-11
Evaluate 7 - ((-18 - -7) + 33 - 10).
-5
What is (2 + (6 - 19) - -8) + 20?
17
Calculate (6 - -6) + -18 - 9.
-15
What is 176 + -227 + 0 + 24?
-27
What is the value of 54 + -47 + (3 - 1)?
9
What is the value of -7 + (-13 - -18) + -3 + 4?
-1
-1 - -1 - (-34 + 22 - (3 + -1))
14
14 - (14 + 0 + 4)
-4
-13 + (1 + 2 - (36 - 21))
-25
What is 12 + -2 - (-370 + 371)?
9
-1 - (18 - 4) - (-8 + -5 - -20)
-22
Calculate 52 + -3 + (7 - 33).
23
-53 + 7 + -40 + 66
-20
What is the value of (40 - (76 - 17)) + (-1 - -12)?
-8
-24 + 45 + (-33 - -9)
-3
Calculate 0 + -15 - (-145 - -132).
-2
Calculate 45 - (-28 + 55) - -3.
21
What is (-1 - -12) + (35 - 56 - -31) - 1?
20
What is 9 + 2 - (55 - 10 - (0 + -1))?
-35
Calculate 3 + 1 + -11 - (-2 - (-4 + -1)).
-10
What is the value of (6 - -3) + (-36 - -31)?
4
What is the value of -6 + 13 - (4 - 2 - 11 - -6)?
10
What is the value of -52 + 36 + -4 + 42?
22
What is (-3 - (1 + 3)) + -22 + 10 + 26?
7
Calculate -11 + (52 - 14 - 21).
6
-3 + 7 - 6 - (2 + -10)
6
Calculate (-29 - -18) + 7 + -2 + 3.
-3
Calculate (52 - 51) + (6 - -1).
8
Calculate (46 - (92 + -46)) + -2.
-2
What is -11 + (-13 - (-17 + 3 + (4 - -4)))?
-18
Calculate 23 - ((0 - -6) + (188 - 182)).
11
Evaluate 105 - 90 - (8 + -1 + 0).
8
What is the value of 22 + (-14 - (-32 + 28 - (0 + 3)))?
15
What is -8 + (19 + 15 - 20)?
6
What is 24 + 2 + 11 + (-9 - 1)?
27
Evaluate -14 - (30 - 11 - (17 + -4)).
-20
What is the value of -12 + (17 - 1 - 18)?
-14
Evaluate 8 - (6 - (6 + (-13 - -4) - 4)).
-5
What is the value of -4 + 7 + 3 + -6 + 3 - -1?
4
What is the value of 2 + (-4 - 0) + (-2 - -1) + 28?
25
Calculate (-12 - (2 + (0 - -2 - 2))) + -4.
-18
(-4 - (-13 + 11 + 4 - 9)) + -10
-7
-16 + (3 - 33 - -14)
-32
-7 - -8 - (-5 + 12 + 3 + 5)
-14
What is (-18 + -10 - -15) + 19?
6
Calculate (4 - 7) + -7 + (57 - 54).
-7
What is -7 - (10 + -20) - -1?
4
Evaluate -33 - (23 + 16 - 87).
15
Evaluate 15 + (-8 - -3) - (-4 - (3 + -15)).
2
What is the value of (-18 - -28 - 13) + 26?
23
Evaluate -2 + (-16 + 26 - 2) - -18.
24
-1 + 0 - (-21 - 5) - (-29 - -29)
25
What is the value of -1 + -32 + 2 + 56 + -52?
-27
Calculate -3 - (41 + -32 + -2 + 2).
-12
Calculate (-6 - (-5 - 22)) + -19.
2
Calculate 16 - (-6 - (-1 - 12)).
9
What is 4 - (6 + 1 - -10 - 3)?
-10
2 - -1 - (4 - (-15 + 8 - -13))
5
What is the value of -13 - ((0 - 21) + 0)?
8
(4 - -6) + -6 + (6 + -1 - 3)
6
Evaluate 2 + -22 + 10 + 8.
-2
What is the value of -54 - -69 - (4 + 36 - -2)?
-27
Calculate 11 + (-4 - 10) + -5 + 1 + 1.
-6
Evaluate (15 - 11 - (-4 + 6)) + -12 - 11.
-21
Calculate (9 - (-2 - -10)) + -3 - (-2 + 0).
0
Calculate 4 - ((-4 - -9) + -3) - (-6 + 0).
8
What is the value of -4 + (-1 - 3) + 23 + -9 - 2?
4
Calculate (-15 - -24) + -19 + 0 + 39.
29
Calculate 10 + (-8 - -9) + -20.
-9
5 + 8 + -6 + (-2 - -5)
10
Calculate (6 - 5) + (9 - (7 + -8) - 13).
-2
1 - -19 - (-117 - -140)
-3
What is -9 + 6 - -12 - 12?
-3
What is the value of -11 + 0 + 20 + -9?
0
20 + -14 - 4 - (10 - (-2 + 2))
-8
Calculate (-15 - (-39 + 9)) + 6 + 10.
31
Evaluate -8 + 17 + -16 + (2 - 1).
-6
11 + -13 + -5 + (15 - 4) + 1
5
266 + -294 - (-10 + -2) - (1 - 8)
-9
Calculate -8 - (5 + (9 - 30)).
8
-15 + 5 - (-7 + -3)
0
Calculate 31 + -46 + -5 + (-1 - (-1 + 2)).
-22
10 + (4 - (10 - -6)) - 4
-6
(7 - 3 - -7) + (-28 - -19) + 8
10
Evaluate (-7 - (-2 - -7)) + 1.
-11
What is the value of -39 - (-2 + 5) - -42?
0
0 + -4 + 1 + -13
-16
What is the value of (21 - 24) + (-6 - -12) - (-2 + 16)?
-11
What is -1 + -13 + (-29 - 7 - -49)?
-1
What is (4 + -2 + 0 - (1 + 6)) + -7?
-12
Calculate -4 - ((30 - 48) + (8 - 0)).
6
Calculate -61 - -65 - (20 + -9 + 6).
-13
22 + -1 - (630 - 625)
16
-5 + -1 + -47 + 58
5
What is -5 - (-12 + 13) - 3?
-9
21 - (-2 + 0 - -13)
10
-118 - -124 - (15 + -1)
-8
What is the value of (-4 - 36) + 11 - -51?
22
What is the value of (-208 - -212 - (-3 - 1)) + 23?
31
Calculate 9 + -15 - ((13 - 9) + (5 - 2)).
-13
What is the value of 0 + -4 + 32 + (-7 - 19)?
2
2 - -3 - (3 - (3 + -1) - -2)
2
What is the value of 30 - 9 - 17 - 35?
-31
0 + (-3 + 2 - (-5 + 5)) - 3
-4
Calculate 27 - 38 - -60 - (14 - -2).
33
Evaluate 9 + -34 + 32 - -10.
17
Calculate (-24 - -14 - -2) + 3 + 22.
17
-42 + (0 - -2) - (239 + -248)
-31
Calculate -11 + (11 - -3) + -15.
-12
What is -5 - (121 + -129 + 0 + -19)?
22
Evaluate (0 - 13) + (9 - 32).
-36
What is the value of (-2 - 0 - (-30 - (-9 + -7))) + 0?
12
Calculate -10 + 1 + 13 + -4 - (19 + -2).
-17
What is 9 - ((-8 - (-13 + 5)) + 23)?
-14
Calculate 1 + (-5 - (-2 + 2 + -6)).
2
What is (19 - 50) + (0 - -33)?
2
What is (18 - 5) + 1 + -15 + -4 + -14?
-19
What is the value of -19 - -12 - 0 - (-1 - (3 + -4))?
-7
What is 130 + -121 + 1 + -8 + 1 + 8?
11
Evaluate 14 + -1 + 3 - 29.
-13
What is (3 + -12 - -39) + -21?
9
Calculate 3 + -16 + (12 - (-1 - -5)).
-5
What is the value of (62 - 91) + (1 - -8) - 1?
-21
What is the value of (-30 - -16) + 2 + 4 - 17?
-25
What is 34 + (38 - 39) + -24?
9
Calculate 23 + -32 - (9 + -1).
-17
(10 - 13) + 10 + (-1 - 2 - 0)
4
What is the value of 17 + 6 + -16 - (3 - 7 - -3)?
8
What is the value of (-1 - (-10 - -8)) + 5 + -13?
-7
(-6 + 2 - -7) + -11 - (-21 + 20)
-7
19 - (39 - (-7 - -12))
-15
Calculate 6 - (14 - (36 + -2)).
26
-2 - (315 + -330 + (0 - -28))
-15
Calculate 3 + -27 + (7 + -12 - -5).
-24
What is 1 - (-5 - (-3 - (-2 + 5)))?
0
Evaluate -22 - (-11 - (1 - 0)).
-10
What is (-1 - (1 - 2)) + -24 + 11?
-13
Calculate -3 - ((-9 - -18) + -24 + 15).
-3
What is the value of 5 + (0 - 7) + (-94 - -84)?
-12
24 + 3 - 16 - (12 - (4 + 2))
5
Evaluate -19 - 15 - (11 - 25).
-20
Evaluate -26 + 34 + -12 + 3.
-1
Calculate -18 + -1 + -10 + 24.
-5
Calculate 22 + (-26 - -14 - -1).
11
17 + 0 + -29 + 13
1
Calculate 27 + 7 + -32 - (2 - 11).
11
(-17 - (18 - 20)) + -5
-20
What is the value of -1 + 1 - (-128 + 120 - (-3 - 0))?
5
Calculate -22 - (-2 + -25 + -1).
6
What is the value of (-7 + 17 - -19) + -15?
14
What is -6 + 2 + 6 + (1 - 13 - 9)?
-19
Evaluate 8 + -12 - -8 - (-7 + 0).
11
Evaluate 19 - (18 + 6) - (-1 - 8).
4
What is the value of -14 - (23 + -34 + 6)?
-9
What is the value of 0 - (3 + -2 + (-3 - (2 - -2)))?
6
What is 1 + (10 - 2 - -1)?
10
Calculate -6 + 0 + 7 + -5.
-4
What is 11 + -1 - (110 - 102)?
2
Calculate (0 - (-13 + -6)) + -25.
-6
Evaluate 4 - ((3 - (-2 + 1)) + 57 + -62).
5
Calculate -92 - -36 - (-38 + 3).
-21
What is the value of 44 + 4 + -40 - -21?
29
What is (13 - (21 - -17)) + 21?
-4
-17 - (-14 - (18 - (2 + -6)))
19
Calculate (8 - (-2 - 1 - (-48 + 41))) + 2.
6
-13 - (1 + 0 - (42 + -42))
-14
What is the value of 1 + 12 + 4 - (352 - 364)?
29
Evaluate (31 - 16) + -3 + (0 - 2) + -3.
7
-4 + 